is -3 (base 5) in base 8?
-3
Convert 1 (base 9) to base 5.
1
What is -21 (base 4) in base 16?
-9
What is -2020 (base 3) in base 14?
-44
What is -3 (base 5) in base 7?
-3
What is -1101 (base 2) in base 4?
-31
What is -1 (base 15) in base 2?
-1
Convert -17 (base 11) to base 7.
-24
Convert -102 (base 3) to base 11.
-10
23 (base 16) to base 7
50
What is -357 (base 9) in base 2?
-100100111
What is -33 (base 12) in base 15?
-29
Convert -1 (base 8) to base 7.
-1
Convert 74 (base 12) to base 8.
130
2 (base 14) to base 16
2
-12 (base 5) to base 12
-7
20 (base 4) to base 9
8
-160 (base 8) to base 12
-94
What is -85 (base 12) in base 5?
-401
-32 (base 6) to base 4
-110
Convert -4 (base 14) to base 8.
-4
-164 (base 11) to base 12
-13b
What is -15 (base 16) in base 4?
-111
What is -1001100 (base 2) in base 4?
-1030
Convert 4 (base 12) to base 8.
4
Convert 15 (base 6) to base 13.
b
What is 1 (base 2) in base 9?
1
Convert 5 (base 14) to base 9.
5
Convert 12 (base 4) to base 13.
6
140 (base 7) to base 16
4d
42 (base 16) to base 5
231
Convert -11011 (base 2) to base 3.
-1000
302 (base 5) to base 10
77
Convert 1101100 (base 2) to base 8.
154
What is 4 (base 8) in base 13?
4
Convert -1 (base 2) to base 13.
-1
-34 (base 16) to base 5
-202
Convert -1011100 (base 2) to base 15.
-62
What is 1011011 (base 2) in base 14?
67
What is -1 (base 9) in base 7?
-1
What is -315 (base 8) in base 5?
-1310
c (base 13) to base 14
c
Convert 7 (base 8) to base 10.
7
Convert -7 (base 16) to base 5.
-12
1011 (base 2) to base 7
14
Convert 74 (base 8) to base 13.
48
Convert 35 (base 12) to base 10.
41
-1000010 (base 2) to base 3
-2110
What is -55 (base 7) in base 2?
-101000
11 (base 2) to base 10
3
-11 (base 6) to base 16
-7
Convert 15 (base 16) to base 3.
210
What is -11 (base 15) in base 10?
-16
What is b9 (base 16) in base 3?
20212
What is 100 (base 2) in base 4?
10
What is -89 (base 14) in base 3?
-11111
1132 (base 5) to base 12
11b
What is -124 (base 11) in base 12?
-103
100000 (base 2) to base 9
35
Convert 1212 (base 3) to base 9.
55
Convert 42 (base 10) to base 6.
110
Convert -1 (base 13) to base 16.
-1
111 (base 2) to base 7
10
What is 2 (base 15) in base 10?
2
Convert -4 (base 13) to base 7.
-4
What is -2 (base 14) in base 10?
-2
What is -20 (base 4) in base 15?
-8
4 (base 10) to base 4
10
Convert 0 (base 9) to base 4.
0
388 (base 10) to base 7
1063
0 (base 7) to base 14
0
Convert 1 (base 8) to base 4.
1
Convert -14 (base 14) to base 5.
-33
Convert -13 (base 13) to base 8.
-20
What is -1330 (base 5) in base 15?
-e5
ab (base 15) to base 6
425
-30 (base 4) to base 5
-22
What is -2c (base 16) in base 5?
-134
Convert -47 (base 8) to base 5.
-124
Convert 2 (base 12) to base 6.
2
Convert -2 (base 12) to base 9.
-2
What is -85 (base 11) in base 3?
-10110
Convert 3 (base 15) to base 12.
3
24 (base 11) to base 13
20
Convert -236 (base 8) to base 14.
-b4
Convert 56 (base 7) to base 15.
2b
What is 59 (base 15) in base 9?
103
Convert 11 (base 3) to base 8.
4
3 (base 13) to base 9
3
What is -30 (base 6) in base 5?
-33
Convert 13 (base 14) to base 2.
10001
What is -453 (base 6) in base 16?
-b1
-21 (base 5) to base 2
-1011
What is -1000101 (base 2) in base 12?
-59
-183 (base 11) to base 10
-212
What is -47 (base 13) in base 6?
-135
Convert -10012 (base 3) to base 6.
-222
What is 25 (base 7) in base 3?
201
What is 1 (base 2) in base 7?
1
What is -24 (base 15) in base 6?
-54
What is c2 (base 15) in base 2?
10110110
What is 1312 (base 5) in base 14?
10b
15 (base 11) to base 10
16
2 (base 6) to base 3
2
3000 (base 5) to base 4
11313
-109 (base 10) to base 15
-74
18 (base 16) to base 9
26
Convert 3 (base 12) to base 2.
11
Convert 4 (base 14) to base 5.
4
What is 4 (base 13) in base 11?
4
10 (base 6) to base 11
6
-24 (base 9) to base 15
-17
What is -101000 (base 2) in base 16?
-28
What is -1041 (base 5) in base 3?
-12102
What is 19 (base 11) in base 4?
110
Convert 3 (base 15) to base 8.
3
Convert 3 (base 6) to base 9.
3
50 (base 9) to base 6
113
Convert 40 (base 7) to base 13.
22
2 (base 16) to base 7
2
-20 (base 5) to base 10
-10
Convert -1 (base 6) to base 15.
-1
2 (base 14) to base 12
2
What is -1d (base 15) in base 11?
-26
What is 7 (base 14) in base 8?
7
What is -19 (base 15) in base 6?
-40
Convert -12 (base 3) to base 2.
-101
What is 20 (base 3) in base 2?
110
33 (base 16) to base 4
303
-2111 (base 3) to base 5
-232
Convert -10 (base 7) to base 9.
-7
What is 4 (base 14) in base 12?
4
-122 (base 11) to base 5
-1040
Convert 272 (base 9) to base 10.
227
-2 (base 10) to base 8
-2
0 (base 15) to base 9
0
-2 (base 10) to base 14
-2
What is -4 (base 8) in base 6?
-4
Convert 7 (base 15) to base 3.
21
-70 (base 12) to base 13
-66
Convert -3 (base 4) to base 15.
-3
5 (base 16) to base 4
11
What is 3 (base 15) in base 11?
3
1 (base 2) to base 7
1
What is -3 (base 5) in base 7?
-3
Convert c (base 14) to base 16.
c
Convert 6 (base 8) to base 11.
6
Convert 14 (base 13) to base 5.
32
What is -2 (base 11) in base 3?
-2
-221 (base 6) to base 11
-78
What is -50 (base 15) in base 6?
-203
Convert -36 (base 16) to base 9.
-60
2 (base 4) to base 3
2
Convert -355 (base 6) to base 14.
-a3
Convert -125 (base 6) to base 12.
-45
Convert 0 (base 4) to base 12.
0
Convert 232 (base 10) to base 16.
e8
-110011 (base 2) to base 9
-56
Convert 3002 (base 4) to base 12.
142
-1 (base 7) to base 14
-1
-50 (base 6) to base 2
-11110
-d (base 16) to base 5
-23
What is 4 (base 11) in base 9?
4
What is -4 (base 5) in base 14?
-4
What is -2222 (base 3) in base 10?
-80
10c (base 14) to base 11
17a
Convert -12 (base 5) to base 6.
-11
114 (base 9) to base 2
1011110
Convert 3 (base 5) to base 6.
3
Convert -215 (base 8) to base 11.
-119
Convert 0 (base 14) to base 6.
0
-2 (base 13) to base 3
-2
Convert 1011 (base 2) to base 14.
b
Convert -100 (base 3) to base 9.
-10
3 (base 5) to base 2
11
2 (base 16) to base 13
2
Convert 0 (base 8) to base 4.
0
-11 (base 10) to base 4
-23
4 (base 10) to base 15
4
Convert 7 (base 10) to base 13.
7
Convert 27 (base 10) to base 7.
36
Convert 7a (base 12) to base 16.
5e
Convert -3 (base 16) to base 2.
-11
Convert 6 (base 15) to base 16.
6
What is 1010 (base 2) in base 9?
11
What is -73 (base 8) in base 7?
-113
-32 (base 5) to base 14
-13
Convert 2 (base 12) to base 4.
2
What is -124 (base 5) in base 13?
-30
-10 (base 15) to base 4
-33
Convert 3 (base 11) to base 2.
11
Convert 41 (base 7) to base 8.
35
Convert -2 (base 6) to base 10.
-2
Convert 3 (base 10) to base 2.
11
Convert 1001 (base 2) to base 10.
9
Convert -224 (base 7) to base 12.
-98
What is 3 (base 7) in base 6?
3
2b (base 12) to base 7
50
What is -10 (base 2) in base 4?
-2
What is a (base 14) in base 2?
1010
Convert 3 (base 16) to base 6.
3
Convert ad (base 14) to base 9.
180
38 (base 14) to base 13
3b
What is -11 (base 2) in base 13?
-3
Convert -102 (base 5) to base 4.
-123
What is -2 (base 5) in base 13?
-2
-100011 (base 2) to base 12
-2b
0 (base 4) to base 5
0
2 (base 11) to base 2
10
23 (base 6) to base 8
17
Convert 142 (base 6) to base 14.
46
Convert -7 (base 14) to base 11.
-7
Convert 38 (base 9) to base 10.
35
What is 13 (base 8) in base 10?
11
Convert -23 (base 14) to base 9.
-34
Convert 2b (base 16) to base 10.
43
-3 (base 9) to base 12
-3
Convert 111 (base 8) to base 4.
1021
What is 3 (base 9) in base 4?
3
4 (base 13) to base 12
4
Convert 12 (base 12) to base 13.
11
What is -45 (base 10) in base 16?
-2d
Convert 15 (base 8) to base 2.
1101
Convert 1010 (base 2) to base 9.
11
3 (base 7) to base 3
10
What is 17 (base 10) in base 16?
11
Convert 1010 (base 2) to base 9.
11
Convert -3 (base 8) to base 5.
-3
Convert -220 (base 4) to base 5.
-130
8 (base 14) to base 3
22
What is -4 (base 5) in base 14?
-4
What is 10 (base 5) in base 10?
5
Convert -2 (base 5) to base 3.
-2
What is -23 (base 5) in base 13?
-10
-21 (base 5) to base 11
-10
-13 (base 13) to base 7
-22
-136 (base 7) to base 8
-114
What is 0 (base 7) in base 16?
0
-1222 (base 3) to base 7
-104
Convert -5 (base 16) to base 14.
-5
Convert 93 (base 12) to base 10.
111
What is -3b (base 14) in base 5?
-203
-126 (base 13) to base 14
-105
What is -1 (base 6) in base 10?
-1
5 (base 7) to base 8
5
21 (base 10) to base 11
1a
What is 4 (base 6) in base 15?
4
What is 1000 (base 2) in base 11?
